What is the units digit of j?
7
Let n be (-4)/(-14) + (-246)/(-21). Suppose n = 3*v - v. Let c = 8 - v. What is the units digit of c?
2
Let k(b) = -b**3 - b + 30. What is the units digit of k(0)?
0
Let u = 6 - 4. Suppose -3*f - 29 - 76 = -u*b, -5*f - 5*b = 175. Let w = -20 - f. What is the units digit of w?
5
What is the units digit of -5 + 8 + 94 + 2/2?
8
Let b be ((-56)/12)/(10/(-105)). Let a = 77 - b. What is the tens digit of a?
2
Let g = -84 + 137. What is the tens digit of g?
5
Let u = 38 + -9. What is the tens digit of u?
2
Let t(s) = -s**3 + 14*s**2 + 11*s - 35. What is the tens digit of t(14)?
1
Let g(h) = h**2 - 12*h + 13. Let n be g(11). Suppose -3*q - n*u = 2*u - 13, 8 = q + 5*u. What is the units digit of q?
3
Suppose 3*d = -3*t + 6*d + 141, 149 = 3*t - 5*d. What is the tens digit of t?
4
Let u = -1 + 3. Suppose -2*s + u*f = -42, 0*s + 74 = 4*s - 2*f. What is the units digit of s?
6
Let r(n) = 3*n**2 - 16*n - 1. Let p(m) = 7*m**2 - 32*m - 1. Let f(s) = 2*p(s) - 5*r(s). What is the tens digit of f(12)?
5
Let z(l) = -l**2 + 4*l - 6. Let c be z(4). What is the units digit of 28/c*(0 + -3)?
4
Suppose 2*k - 8 = -3*y, 5*y - 4 + 0 = -k. Suppose 10*b - 9*b - 29 = y. What is the tens digit of b?
2
Let i(a) = -10*a**2 + a - 7. Let n(l) = -20*l**2 + 2*l - 15. Let g(h) = -13*i(h) + 6*n(h). What is the units digit of g(1)?
0
Suppose 0 = -2*g + g + 4. Suppose 3*o - 79 = -g*c, 2*o - 5*c + 107 = 6*o. What is the units digit of o?
3
Let m be 1/(-2)*(-20)/(-2). Let y = m + 6. What is the units digit of y?
1
Let u(q) be the third derivative of q**5/60 + q**4/12 - q**3 - q**2. Let s be u(4). Suppose -h + s = 2*h. What is the units digit of h?
6
Let w = -13 + 15. What is the units digit of w/(-6) + (-488)/(-24)?
0
Let b(t) = 3*t**2 - 11*t + 12. What is the tens digit of b(6)?
5
Let y = 30 + -36. Let j(v) = -v**3 - v - 1. Let q(u) = -5*u**3 + 7*u**2 + 2*u - 8. Let o(r) = 6*j(r) - q(r). What is the tens digit of o(y)?
1
Let b be -1 + (2/2 - 5). What is the units digit of (3/b)/(1/(-35))?
1
Let j be (-4 - -4) + 1*3. Let l(y) = y**3 - y**2 - 2*y + 1. Let n be l(2). Suppose j - n = 2*u. What is the units digit of u?
1
Let p(d) = d**2 - 17. Let g be p(0). Let y be g/4 - (-1)/4. What is the tens digit of 1/y - 270/(-24)?
1
Let x(y) = -2*y + 3. Let i be x(8). Let n = 26 + i. What is the tens digit of n?
1
Let o(y) = -y**3 - 9*y**2 + 5. Let t be o(-9). Suppose 2*z + 6*c - 3*c = 31, 19 = z + t*c. What is the tens digit of z?
1
Suppose 2*p + d - 69 = 2*d, 12 = -4*d. Let q = p - 9. What is the tens digit of q?
2
Let a = 5 - 5. Let n(g) = -g**2 - g + 9. Let t be n(a). Let j = t + 0. What is the units digit of j?
9
Let s = -5 - -3. Let y(t) = -2*t - 3 - 2*t + 1. What is the units digit of y(s)?
6
Let w(p) = p**3 + 8*p**2 + 7*p. Let k be w(-7). Suppose a - 19 = 3*g - 4, a - 2*g - 16 = k. What is the tens digit of a?
1
Let u be ((-24)/42)/((-4)/14). Let r(c) = -3*c + 7*c + c. What is the units digit of r(u)?
0
Suppose -4*f + 501 = 5*g, 4*g = -2*f + 2*g + 248. What is the units digit of f?
9
Suppose 0*m = m - 20. Suppose m = -u - 3*u. What is the units digit of 2/5 - 28/u?
6
What is the units digit of (-220)/16*-2*(-3 - -13)?
5
Let m be 9/3 + -2 - 19. What is the units digit of 2/(-6) - 60/m?
3
Let r(b) be the first derivative of b**3/3 - 3*b**2/2 + 2*b - 1. Let z(l) = l**3 - 3*l**2 + l. Let i be z(3). What is the units digit of r(i)?
2
Let u = -65 + 125. What is the tens digit of u?
6
Let l = -4 - -12. Suppose a + 0*a + w = -4, a - w = -l. What is the units digit of (-46)/(-6) - a/(-9)?
7
Let r = 0 - 5. Let h(z) = -z**3 - 4*z**2 + 5*z + 5. Let j be h(r). Suppose j*k + 6 = 31. What is the units digit of k?
5
Let u(l) = l**2 - 5*l - 9. Let w be (-14)/(-8)*(1 + 3). Let a be u(w). Suppose 0 = -a*x + 34 + 71. What is the tens digit of x?
2
Suppose n - 3*n = 10, 2*o + 4*n - 356 = 0. What is the hundreds digit of o?
1
Let o(t) = 7*t. Let l be o(5). Let b = l + -22. What is the tens digit of b?
1
Let q(b) = b**2 - 2*b - 4. Let g be q(4). Suppose -d + 41 = -5*v, 0 = d + 2*d + g*v - 66. What is the tens digit of d?
2
Suppose 4*i + 0*c = 3*c + 8, 5*i = c + 10. Suppose r + i*k - 15 = 0, k = -3*r + 4*r. What is the units digit of r?
5
Let v(m) = 7*m + 1. Suppose 3*r = 10 - 4. Let t be v(r). Suppose 5*k + 6 = -q - 2*q, 0 = 4*q - k - t. What is the units digit of q?
3
Let m = 27 + -9. Let p = m + -11. What is the units digit of p?
7
Let p(d) = d**2 - 14*d + 20. Let b be p(14). Let u = b - 3. What is the units digit of u?
7
Suppose 2*w + 6 - 72 = -j, j + 4*w = 70. What is the units digit of j?
2
Suppose -5*j = -17 + 47. Let k be (-1 + 1)*(j + 5). What is the units digit of 6/(-12)*(-24 + k)?
2
Let a(u) = 2*u. Let h be a(-2). Let b = h - -6. What is the units digit of b/4 - 13/(-2)?
7
Suppose 0 = -3*l - 4*o - 2, 3*l + 4*o = 2*o + 2. Suppose f - 2*t + 6 = -1, l*t = -5*f + 25. Let w = 6 + f. What is the units digit of w?
9
Suppose -8*y + 5*y = -12. What is the units digit of (-4)/(-16)*18*y?
8
Let i = -22 + 47. What is the tens digit of i?
2
Let d be 34/14 + 9/(-21). What is the units digit of (736/(-48))/(d/(-6))?
6
Let b = -1 - -2. Suppose -4*f + 13 = 5. What is the tens digit of 9 - (f - 2 - b)?
1
Suppose 5*t = 3*q - 105, -7*t + 2*t = -q + 35. What is the tens digit of q?
3
Suppose 14*a + 46 - 816 = 0. What is the tens digit of a?
5
Let o(p) = -3*p - 11. Let s(h) = -7*h - 22. Let t(w) = -5*o(w) + 2*s(w). What is the units digit of t(0)?
1
Suppose -2*y - z = 3*y - 1570, 3*z + 1570 = 5*y. What is the hundreds digit of y?
3
Let r be ((-48)/9)/(4/(-30)). Let d(l) = -27*l**2 + 2*l + 1. Let u be d(-1). Let b = r + u. What is the units digit of b?
2
Suppose -a + 4*a - 60 = 0. What is the units digit of a?
0
What is the units digit of (-196)/(-35) + (-6)/(-15)?
6
Let n(b) = -11*b - 59. What is the hundreds digit of n(-24)?
2
What is the tens digit of 180/(-4 - -2 - 7/(-2))?
2
Let n be (2/(-6))/((-2)/(-30)). What is the units digit of n/(-1)*(-45)/(-25)?
9
Let j = 155 - -123. What is the tens digit of j?
7
Let y be ((-3)/6)/((-3)/(-36)). Suppose 29 = 4*p + 9. What is the units digit of ((-6)/p)/(y/20)?
4
Let f = -52 + 100. What is the units digit of f?
8
Suppose -3*b - 129 = -0*b. Let q = -18 - b. What is the units digit of q?
5
Let z(m) be the second derivative of 0 - 2*m - 5/3*m**3 + 1/2*m**2. What is the units digit of z(-2)?
1
Let i = -13 - -22. Suppose 0 = 5*q + 4*s + 16 - 76, -3*s = -3*q + i. What is the units digit of q?
8
Suppose 0 = -2*t - z + 12, -7*z = -5*t - 4*z + 30. What is the units digit of t?
6
What is the hundreds digit of (-8)/2 + 259 + 4 + 2?
2
Let g(n) = -n - 5. Let a be g(-3). Suppose 87 = 2*i - 45. What is the tens digit of ((-5)/15)/(a/i)?
1
Let z = 0 - -5. Suppose -4*h - 4*g = -h - 11, -25 = -z*h - 5*g. What is the units digit of h?
9
What is the units digit of (-16)/56 + (-261)/(-7)?
7
Let v be (-50)/20*(-8)/5. Suppose 0*n = t - 3*n - 18, -v*t + 27 = 3*n. Suppose 3*i - t = 3. What is the units digit of i?
4
Let r(y) = 5*y**2 + y. Let n be r(1). Suppose -2*h = -4*w + 2, n*h - 3*w = h + 30. What is the units digit of h?
9
Suppose 21 = 3*g - 3*k, 0*g + k + 1 = -g. Suppose s = -g*s - 96. What is the units digit of (-3)/(-2 + (-39)/s)?
8
Let m(k) = -29*k - 5. What is the units digit of m(-4)?
1
Let n(k) = -k**2 + 2*k + 3. Let c be n(3). What is the units digit of (2 - (0 + c)) + 5?
7
Suppose 0 = 4*o - 3*o + 5*c - 49, -5*c + 136 = 4*o. Let h(y) = -y**2 + 13*y - 2. Let s be h(14). Let d = o + s. What is the units digit of d?
3
Suppose 0 = -t - 16 + 36. Let z(r) = -r**3 + r + 6. Let q be z(0). Suppose x = q*x - t. What is the units digit of x?
4
Suppose -5*l - 868 = -9*l. What is the units digit of l?
7
Let q = -26 + 27. What is the units digit of q?
1
Suppose 5*s = -3*i + 37, 0 = 3*i - 3*s - 2 + 5. Suppose 3*c = 5*f + 66, 0 = -2*c + 4*c - i*f - 44. What is the tens digit of c?
2
Let w(p) = -5*p + 6. What is the units digit of w(1)?
1
Let d(y) = 3*y**2 - 9*y - 12. What is the units digit of d(6)?
2
Suppose 2*v - 4 = 0, c + 2 = -5*v + 26. What is the units digit of c?
4
Let a be -17*(3 + -2 + 0). Let f = -11 - a. What is the units digit of f?
6
Let p be 1 - 1 - (0 + 0). Suppose 3*h - h - o - 9 = 0, 2*h = -3*o + 21. Suppose -h = -p*g - g. What is the units digit of g?
6
